st common divisor of g and h?
16
Suppose -17*s + 683 = 666. What is the highest common factor of 343 and s?
1
Let k be (132/(-8) + -1)*-4. What is the greatest common factor of 190 and k?
10
Let k(l) be the third derivative of l**4/12 + l**3/2 + l**2. Let s be k(7). Let a = s + -2. Calculate the greatest common factor of a and 165.
15
Let q be 4/(-9*6/(-81)). Calculate the greatest common factor of 22 and q.
2
Let f(b) = b**2 - 8*b + 23. Let i be f(7). Suppose 3*x + i = 49. Calculate the highest common factor of x and 55.
11
Suppose 5*u - l - 741 = l, 0 = -2*u - 3*l + 304. Let q = u + -6. What is the greatest common factor of 13 and q?
13
Let v be ((-19)/(76/(-24)))/(-5)*-40. Calculate the greatest common divisor of 16 and v.
16
Let r be (-10 - 0)/(6 - (-160)/(-26)). Calculate the greatest common divisor of 715 and r.
65
Let s = 1 - 0. Let w(l) = -3*l - 5*l + 29*l**2 + 10*l - 1 + 0. Let k be w(s). What is the highest common factor of 75 and k?
15
Let p(a) be the second derivative of -a**4/12 + 2*a**2 - 8*a. Let o be p(0). What is the highest common factor of 8 and o?
4
Let x = 58 - 40. Suppose m = -3*m - 5*p + 18, 2*m - 3*p + 2 = 0. Calculate the highest common divisor of m and x.
2
Suppose 0 = 3*f - 2*u - 28 - 332, -4*f = 3*u - 480. What is the greatest common factor of f and 24?
24
Suppose 134 = 4*x - 118. Let k = -8 + x. Calculate the greatest common factor of k and 11.
11
Let g(u) = 6*u**2 + 48*u + 6. Let s be g(-12). What is the greatest common divisor of s and 168?
42
Suppose -b - 4 = -3*b. Let u be (-5)/(0 + b/6). Let s be -1 - (u + (0 - 2)). Calculate the highest common divisor of s and 8.
8
Let b(y) = -y**3 - 54*y**2 - 108*y - 198. Let s be b(-52). Let c be 6/21 + 12/7. Calculate the greatest common factor of s and c.
2
Let d(x) = -x**2 - 3*x + 9. Let q be d(-4). Suppose -q*a + 220 = -3*a. What is the greatest common divisor of a and 22?
22
Let t be 73*(-6)/(-30) - (-2)/5. Let m = t + -6. Calculate the highest common divisor of m and 36.
9
Suppose 10*a = 14*a - 16. Suppose -w = a*p - 7, 3*w + 13 + 5 = p. Let m be (3/6)/(w/(-600)). What is the highest common factor of m and 40?
20
Let u be (-2)/6 + 5/15. Suppose f + u = -2. Let b be (-4)/f + 23/1. Calculate the highest common divisor of b and 50.
25
Let r be (-27)/18 + (-34)/(-4). Let z be (-3)/(-6) - (-111)/2. What is the greatest common factor of r and z?
7
Let k be 1855/15 + 8/(-12)*1. What is the highest common divisor of 656 and k?
41
Let l = -4 - 0. Let n be 3 - l/(-2) - -15. Let z = 9 - 5. Calculate the highest common divisor of z and n.
4
Let d(z) = -2*z**3 + 82*z**2 + 92*z - 28. Let g be d(42). What is the highest common factor of g and 56?
28
Let v = -319 - -501. Calculate the highest common factor of v and 104.
26
Let w(x) = x**2 + x + 171. Let v be w(0). Let a(m) = -2*m**3 + 10*m**2 - 4*m + 115. Let o be a(6). What is the highest common factor of o and v?
19
Suppose 47 - 55 = -4*l. Let b be 5/(4/4) + l + 0. Calculate the greatest common factor of 189 and b.
7
Suppose 5*x - 62 = 5*o - 252, -2*o + 70 = x. Suppose 7*f - o = 3*f. Let i be -42*((-2)/4 - 1). Calculate the greatest common factor of i and f.
9
Let q(y) = -5*y**3 + 3*y**2 + 4*y + 1. Let m(b) = b + 12. Let o be m(-14). Let c be q(o). What is the greatest common factor of c and 15?
15
Suppose 408 = 3*i + 3*q, q + 556 = 4*i + 2*q. Suppose -4*u + 0*u + 80 = 0. Calculate the greatest common divisor of i and u.
20
Let i = 19 - 1. Let t be ((-18)/i)/((-2)/14). Let g = 8 + t. What is the highest common divisor of 165 and g?
15
Let n be (-10)/(80/(-4))*2*7. What is the greatest common divisor of n and 42?
7
Suppose -4*j + 0*j = -8. Suppose j*t - 494 = -54. What is the highest common factor of t and 20?
20
Suppose 68*c = 60*c + 112. Calculate the greatest common divisor of c and 35.
7
Let o(u) = 2*u**3 + 13*u**2 - 51*u - 2. Let d be o(-9). What is the highest common divisor of d and 12?
4
Suppose 2*n + 3*v - 83 + 14 = 0, 0 = -n - v + 33. Suppose -n = 4*f - 5*f. What is the highest common factor of f and 3?
3
Let o = 39 + 13. Suppose 50 = 5*m + 3*u, -m - 2*m + 59 = -4*u. What is the highest common factor of o and m?
13
Let x = 1060 + -250. Suppose x = -3*n + 8*n. What is the greatest common divisor of 18 and n?
18
Suppose a = 3*g - 1394, 2*a + 3 = -1. Calculate the greatest common divisor of 8 and g.
8
Let y be -2*(-3 - (-39)/2). Let u = y + 35. Suppose 2*x + 28 = u*j, -j - 3*x - 16 = 2*x. What is the highest common factor of j and 27?
9
Let b = 633 - 462. Calculate the highest common divisor of b and 38.
19
Let m be (-105)/(-42)*8/10. Let h = -5 - -6. Calculate the highest common factor of h and m.
1
Let l = -88 - -138. Calculate the greatest common divisor of 2 and l.
2
Suppose 132*i - 133*i = 3*a - 63, 5*a = i + 113. Calculate the greatest common factor of 2266 and a.
22
Let c(q) = q**3 + 22*q**2 + 19*q + 24. Let i be c(-21). Calculate the greatest common divisor of i and 99.
33
Suppose -5*b + 3*z = -525, 3*b = -0*b + 2*z + 314. Suppose -18 + b = 6*i. Calculate the highest common divisor of i and 35.
5
Let u(h) be the third derivative of -h**5/60 + 7*h**4/24 + h**3/6 + 4*h**2. Let r be u(6). Let x = -7 + 14. Calculate the highest common divisor of x and r.
7
Let i(t) = t**3 - 2*t**2 - 2*t + 1. Let c be i(3). Let o be 424/(-4) - (c + -2). Let g be (o/(-14))/3*42. Calculate the highest common divisor of g and 12.
12
Let j(w) = -w**3 + 7*w**2 + 3. Let l be j(7). Let p = -5 + 23. Let a be (16/(-6))/((-4)/p). What is the greatest common factor of l and a?
3
Suppose -4*o - 5*w + 30 = -20, 0 = -2*o - 5*w + 20. Let h = -12 + o. What is the highest common divisor of 21 and h?
3
Let f = 1173 - 1026. What is the greatest common divisor of f and 126?
21
Suppose 4*c - 43 = -2*a + 13, 4*a + 32 = 4*c. Let t = -456 - -668. Let z = t + -116. Calculate the greatest common divisor of c and z.
12
Let s = -15 - -21. Suppose -4*h + 26 = -s. What is the greatest common factor of 20 and h?
4
Suppose f = -2 + 4, -5*w + 313 = -f. What is the highest common factor of w and 42?
21
Let t(u) = u**3 - 16*u**2 + 17*u - 28. Let i be t(15). Suppose 2*j = -3*r + 264, i*j + 1 = -5. What is the greatest common factor of r and 30?
30
Let p be (0 + -2 + 0)*840/16. Let j = p + 107. Calculate the greatest common divisor of 1 and j.
1
Suppose 9*s - 1860 = -11*s. Calculate the greatest common factor of s and 3.
3
Let c = -103 + 133. Calculate the highest common divisor of 80 and c.
10
Suppose 241 = -5*c - 0*t + 2*t, 4*c - 3*t + 190 = 0. Let y = c - -60. What is the greatest common factor of 1 and y?
1
Let v = 27 - -6. Let u = -11 + 19. Suppose 4*j + u = 0, -5*w - 9 = -3*j - 70. What is the highest common divisor of v and w?
11
Let g(i) = 46*i + 1. Let v be g(-1). Let j = v + 65. Let u = -33 - -53. What is the greatest common divisor of u and j?
20
Let k = 238 - -482. What is the greatest common divisor of 112 and k?
16
Let a(j) = 7*j**2 - 23*j + 6. Let t be a(10). Calculate the greatest common factor of 68 and t.
68
Suppose 0 = 2*z, -45*j - 5*z = -48*j + 1554. What is the highest common factor of j and 14?
14
Suppose 2 = -2*s + 3*s, 4*s = -5*i - 37. Let n be 1/(-3) + (-210)/i + -3. What is the highest common divisor of 60 and n?
20
Suppose -n + 14 = 5*c, 11 = 3*n + 4*c - 9. Let q = 14 - n. Suppose -127 - 233 = -24*v. Calculate the greatest common factor of v and q.
5
Let f(v) = 37*v**3 + 2*v**2 + 2*v - 3. Let r be f(1). Calculate the greatest common divisor of r and 380.
38
Let p be (1 - -59)/((-2)/((-8)/6)). What is the highest common factor of 72 and p?
8
Let v(o) = o**2 + 9*o - 13. Let c be v(-11). Let k be 55/2 - c/(-18). What is the highest common factor of k and 308?
28
Suppose 15*i = 5*i + 40. What is the greatest common factor of 68 and i?
4
Let i be -5 + (1 - 0) + 2. Let m be -3*(28/(-30) + 2/(-5)). Let a = m - i. Calculate the highest common divisor of a and 2.
2
Suppose -3*k + 27 = -153. Suppose 99*x + 16 = 4*i + 103*x, 4*x + 4 = -2*i. Calculate the highest common divisor of i and k.
10
Let d be ((-122)/(-8) - 1)/(50/200). Suppose j - 5*j = -228. Calculate the highest common factor of d and j.
57
Suppose -3*h - 21*t + 1056 = -23*t, 0 = 2*h + 4*t - 704. Suppose 54 = 4*b - 122. What is the greatest common factor of b and h?
44
Let g = -48 - -16. Let c 